t common divisor of 19076 and 35642?
502
What is the highest common factor of 488 and 28609?
61
Calculate the greatest common factor of 9138675 and 21.
21
What is the greatest common factor of 1475010 and 15?
15
Calculate the greatest common divisor of 6887 and 48351.
71
Calculate the greatest common factor of 23388 and 2100.
12
What is the highest common factor of 371945 and 45?
5
Calculate the highest common factor of 243382 and 219.
73
What is the highest common divisor of 6958 and 2698?
142
Calculate the greatest common divisor of 611226 and 2970.
594
Calculate the highest common factor of 1960 and 460.
20
What is the highest common factor of 4096 and 68096?
512
Calculate the greatest common factor of 33 and 2425863.
33
Calculate the greatest common divisor of 14703 and 286455.
507
What is the greatest common factor of 716745 and 1065?
1065
Calculate the highest common factor of 690678 and 18.
18
What is the highest common divisor of 7708 and 752?
188
Calculate the highest common factor of 46296 and 2088.
72
What is the greatest common factor of 1254010 and 5?
5
Calculate the greatest common factor of 54 and 217917.
27
Calculate the greatest common divisor of 14994 and 49.
49
What is the greatest common factor of 8792 and 1624?
56
What is the greatest common divisor of 40 and 1445?
5
What is the highest common factor of 72 and 25936?
8
Calculate the greatest common factor of 4761 and 37559.
529
Calculate the greatest common factor of 46 and 13961.
23
What is the greatest common factor of 90897 and 164?
41
Calculate the greatest common divisor of 861866 and 646.
34
What is the highest common factor of 610 and 1030168?
122
What is the greatest common divisor of 377500 and 1812?
604
What is the highest common factor of 198 and 120208?
22
What is the greatest common factor of 2889 and 6183?
27
Calculate the highest common divisor of 1852 and 32.
4
What is the highest common divisor of 4866812 and 228?
76
Calculate the greatest common divisor of 82 and 656.
82
What is the highest common divisor of 258063 and 78?
39
What is the greatest common divisor of 3507 and 2004?
501
Calculate the greatest common divisor of 76485 and 105.
15
What is the greatest common factor of 11 and 1116?
1
What is the highest common divisor of 3929 and 8?
1
Calculate the greatest common divisor of 72 and 176664.
24
What is the greatest common factor of 4 and 22510?
2
Calculate the highest common divisor of 1890 and 210770.
70
What is the greatest common divisor of 412665 and 1830?
915
Calculate the highest common factor of 20 and 11432.
4
Calculate the greatest common divisor of 139405 and 3080.
35
What is the highest common divisor of 36 and 826848?
36
Calculate the greatest common divisor of 983822 and 7.
7
Calculate the highest common factor of 29893 and 1253.
179
What is the highest common factor of 2074 and 3587?
17
What is the highest common divisor of 3339 and 318689?
371
What is the highest common factor of 736 and 13386?
46
What is the highest common divisor of 225316 and 364?
364
What is the greatest common divisor of 57988 and 4788?
532
What is the highest common divisor of 59495 and 4015?
365
What is the greatest common divisor of 47908 and 9338?
406
What is the highest common factor of 7 and 56483?
7
Calculate the greatest common factor of 197301 and 156.
39
Calculate the highest common divisor of 104 and 74048.
104
Calculate the highest common divisor of 212 and 38213.
53
What is the greatest common divisor of 1312 and 138170?
82
Calculate the greatest common divisor of 12 and 25552.
4
What is the greatest common factor of 3827383 and 2702?
1351
Calculate the greatest common factor of 1119900 and 100.
100
What is the greatest common divisor of 220356 and 288?
36
What is the highest common divisor of 1 and 5154?
1
What is the highest common divisor of 214 and 41302?
214
What is the greatest common factor of 2387032 and 23?
23
Calculate the greatest common divisor of 6 and 118122.
6
What is the greatest common factor of 3562 and 65?
13
What is the highest common factor of 249260 and 100?
20
What is the highest common divisor of 111 and 114848?
37
Calculate the greatest common factor of 5885 and 8453.
107
What is the greatest common factor of 25 and 24945?
5
What is the greatest common divisor of 244 and 44286?
122
Calculate the greatest common divisor of 3587068 and 5780.
1156
Calculate the highest common divisor of 1728 and 50656.
32
What is the greatest common factor of 315 and 128835?
315
What is the highest common factor of 8711 and 992?
31
Calculate the highest common factor of 489 and 1874337.
489
Calculate the highest common divisor of 1404 and 10287.
27
What is the highest common divisor of 9145 and 35030?
155
What is the greatest common factor of 136696 and 56?
56
Calculate the greatest common divisor of 728402 and 2510.
502
Calculate the highest common factor of 25789 and 22304.
697
Calculate the greatest common divisor of 761221 and 87.
29
Calculate the greatest common factor of 84 and 1667890.
14
What is the highest common divisor of 65791 and 66?
11
What is the greatest common divisor of 525 and 255885?
105
Calculate the greatest common factor of 17172 and 891.
81
What is the greatest common divisor of 42784 and 42?
14
What is the greatest common factor of 203 and 2961?
7
What is the highest common divisor of 2108820 and 14?
14
Calculate the highest common divisor of 105 and 1681071.
21
What is the greatest common divisor of 107 and 5184043?
107
Calculate the greatest common divisor of 73832 and 213106.
1678
What is the highest common factor of 23154 and 34068?
102
Calculate the greatest common factor of 188 and 78866.
94
What is the highest common divisor of 324 and 6026?
2
What is the highest common factor of 350 and 74480?
70
Calculate the greatest common factor of 4375 and 133.
7
Calculate the greatest common divisor of 72 and 126216.
72
What is the greatest common factor of 617079 and 106?
53
What is the highest common divisor of 368 and 162426?
46
What is the highest common factor of 7236 and 268?
268
Calculate the highest common divisor of 49029 and 885.
177
Calculate the highest common factor of 8 and 690476.
4
Calculate the highest common factor of 152 and 365693.
19
What is the greatest common divisor of 39840 and 3360?
480
What is the greatest common factor of 2936 and 85511?
367
Calculate the greatest common factor of 280 and 5670.
70
Calculate the highest common divisor of 4 and 19736.
4
What is the greatest common divisor of 3900 and 34275?
75
Calculate the highest common divisor of 6061 and 5104.
319
What is the highest common factor of 1089 and 24926?
121
What is the greatest common factor of 9 and 312300?
9
Calculate the greatest common divisor of 4256 and 52934.
266
Calculate the highest common divisor of 66 and 7338.
6
What is the highest common factor of 9922 and 968?
242
Calculate the highest common factor of 10345 and 130.
5
What is the highest common divisor of 66309 and 155?
31
What is the highest common divisor of 126 and 862?
2
What is the highest common divisor of 304676 and 354?
118
What is the greatest common factor of 4330 and 289244?
866
What is the greatest common factor of 161318 and 4266?
158
What is the greatest common factor of 60879 and 3549?
273
Calculate the greatest common factor of 40 and 3945.
5
What is the greatest common divisor of 604 and 5091418?
302
What is the highest common divisor of 120 and 6135?
15
What is the highest common factor of 43375 and 347?
347
Calculate the highest common factor of 489 and 32437.
163
Calculate the greatest common factor of 4000 and 23500.
500
Calculate the highest common factor of 225 and 663450.
75
Calculate the greatest common factor of 39317 and 1.
1
Calculate the greatest common divisor of 779 and 4381096.
779
What is the highest common divisor of 65 and 3966625?
65
What is the highest common factor of 139722 and 2442?
66
What is the highest common factor of 456 and 1114692?
228
Calculate the greatest common divisor of 205 and 211355.
205
What is the greatest common factor of 507870 and 1140?
570
What is the highest common factor of 1300 and 592280?
260
Calculate the greatest common factor of 693664 and 1272.
424
What is the greatest common divisor of 2100 a